t c(j) = j**3 + 4*j**2 + 5*j + 12. What is c(-4)?
-8
Let f(d) = 4*d**2 - 3*d + 2. Determine f(3).
29
Let k(c) = 3*c + 94. Calculate k(-35).
-11
Let a(l) = -l**3 - 4*l**2 + 3*l - 15. Give a(-5).
-5
Let w(l) = 3*l - 57. What is w(21)?
6
Let z(l) = -6*l - 108. Give z(-16).
-12
Let m(a) = -a**3 + 9*a**2 - 9*a + 3. What is m(8)?
-5
Let h(r) = 4*r**2 - 2*r. Give h(-1).
6
Let k(r) = r - 48. What is k(28)?
-20
Let g(j) = 11*j + 421. Determine g(-38).
3
Let n(q) = q**2 - 2*q - 6. Calculate n(3).
-3
Let z(s) = -s**3 - 23*s**2 + s + 39. Give z(-23).
16
Let t(w) = -w**2 - 15*w - 34. What is t(-10)?
16
Let i(h) = -h**3 + 7*h**2 - 3*h - 2. Determine i(3).
25
Let y(j) = j**3 - 5*j**2 - 17*j - 5. What is y(7)?
-26
Let w(i) = -i**3 + 8*i**2 - 7*i + 1. Calculate w(7).
1
Let j(d) = -d**3 + d + 2. What is j(0)?
2
Let b(u) = 50*u**2 - 3*u - 1. What is b(-1)?
52
Let z(h) = -3*h**2 - 44*h - 28. Calculate z(-14).
0
Let a(g) = -g**3 + 12*g**2 - 22*g + 2. Determine a(9).
47
Let p(f) = f**2 + 7*f - 6. Determine p(-6).
-12
Let i(h) = h - 14. Determine i(7).
-7
Let r(m) = 10*m**2 + 2*m + 5. Give r(-3).
89
Let y(i) = -3*i + 41. Determine y(12).
5
Let i(n) = 2*n**3 + 8*n**2 + 2*n + 7. Determine i(-4).
-1
Let a(i) = i**3 + 8*i**2 - 5*i - 1. Calculate a(-8).
39
Let b(q) = -q**3 + 21*q**2 + 3*q - 5. What is b(21)?
58
Let a(k) = 12*k**2 + 2*k - 3. Calculate a(2).
49
Let v(a) = a**3 - 3*a**2 + 2*a + 2. Determine v(4).
26
Let c(i) = -i**3 + 12*i**2 - 13*i - 10. Give c(10).
60
Let g(v) = 2*v**3 - 10*v**2 - 11*v + 13. Give g(6).
19
Let n(a) = 3*a + 5. What is n(-3)?
-4
Let p(s) = -3*s - 23. Determine p(-7).
-2
Let i(c) = -c**3 - 23*c**2 - 2*c - 41. What is i(-23)?
5
Let o(g) = -g**2 - 19*g - 85. Determine o(-10).
5
Let b(l) = -l**2 - 16*l + 1. Calculate b(-14).
29
Let r(q) = -q**2 + 13*q - 1. Give r(13).
-1
Let j(k) = -5*k + 4. What is j(-5)?
29
Let x(w) = 5*w - 76. What is x(14)?
-6
Let v(y) = y**3 - 4*y**2 + y + 5. What is v(3)?
-1
Let v(a) = -4*a**2 + 2. Determine v(-3).
-34
Let u(y) = -2*y**2 - 36*y + 44. Give u(-18).
44
Let t(b) = -b**2 - 9*b + 1. Calculate t(-4).
21
Let f(g) = -2*g**2 - 12*g + 2. Calculate f(-7).
-12
Let c(a) = -a + 6. Determine c(-8).
14
Let u(q) = q + 6. Give u(-9).
-3
Let t(b) = b**2 + 8*b - 7. What is t(-7)?
-14
Let d(p) = p + 41. Calculate d(-13).
28
Let t(u) = -2*u**3 - 2*u**2 + 3*u - 3. What is t(2)?
-21
Let b(g) = -g**2 - 2*g + 19. Give b(-4).
11
Let b(r) = -r**3 + 39*r**2 - 35*r - 80. Determine b(38).
34
Let n(t) = t**2 - 3*t + 12. Give n(6).
30
Let q(k) = -k**3 - 44*k**2 + 3*k + 136. What is q(-44)?
4
Let z(r) = -3*r + 123. Calculate z(46).
-15
Let o(z) = z**3 + 8*z**2 + 9*z - 15. Calculate o(-6).
3
Let m(u) = u**3 - 6*u**2 + 2*u + 6. Give m(3).
-15
Let s(n) = -13*n**3 - n**2 - 3*n - 3. Give s(-1).
12
Let x(f) = f**3 - 3*f**2 - 13*f - 1. What is x(6)?
29
Let h(k) = -k**2 - 13*k - 34. What is h(-8)?
6
Let p(n) = -5*n - 31. Calculate p(-7).
4
Let x(c) = c**3 + 6*c**2 + 6*c - 1. What is x(-5)?
-6
Let a(f) = -f**3 - 9*f**2 - 9*f + 3. What is a(-8)?
11
Let n(a) = -a**3 + 8*a**2 + 7*a - 4. Give n(9).
-22
Let b(s) = -s**3 - 4*s**2 + 2*s + 11. Give b(-4).
3
Let g(p) = -p**3 + 4*p**2 - 2*p - 4. Give g(3).
-1
Let r(g) = -3*g + 42. Give r(8).
18
Let m(l) = -13*l - 92. Calculate m(-6).
-14
Let x(m) = 3*m**3 - 7*m - 2. What is x(-2)?
-12
Let m(j) = -j**2 - 4*j + 9. What is m(-5)?
4
Let o(r) = -6*r**2 - 6*r - 4. Calculate o(-3).
-40
Let g(s) = s**2 - 13*s - 14. Give g(13).
-14
Let f(b) = 2*b - 2. Calculate f(-6).
-14
Let y(o) = -2*o + 8. Give y(-4).
16
Let v(q) = -q**3 + q**2 - 2*q - 1. Determine v(-2).
15
Let c(n) = 3*n + 49. Determine c(-24).
-23
Let u(d) = d**3 - 9*d**2 + 7*d + 9. What is u(8)?
1
Let j(l) = -l**3 + 9*l**2 - 10*l + 14. Calculate j(8).
-2
Let l(n) = -21*n. Give l(2).
-42
Let n(z) = -z**2 - 10*z + 46. Calculate n(-12).
22
Let x(h) = h**2 + 9*h + 3. What is x(-9)?
3
Let t(l) = l**2 - 14*l + 3. What is t(13)?
-10
Let w(l) = -42*l**2 + 20*l - 19. Determine w(1).
-41
Let r(l) = -l**2 + 69*l - 484. Give r(8).
4
Let r(o) = -4*o**2 + 3*o + 1. Determine r(-1).
-6
Let u(d) = -d**3 - d**2 + 5*d + 24. Give u(-3).
27
Let p(d) = d**2 + 30*d - 170. Give p(-35).
5
Let l(v) = 5*v + 7. Determine l(-8).
-33
Let c(v) = 2*v + 24. Give c(-14).
-4
Let b(l) = -l**3 + 5*l**2 + 15*l - 6. What is b(7)?
1
Let a(p) = p + 5. Determine a(9).
14
Let p(y) = y**3 + 12*y**2 + 2*y + 29. Calculate p(-12).
5
Let b(a) = 2*a**2 + 90*a - 87. Give b(-46).
5
Let j(f) = -6*f - 3. Calculate j(-5).
27
Let g(n) = 43*n - 292. Give g(7).
9
Let j(n) = 3*n - 9. Calculate j(5).
6
Let o(w) = -w**3 - 12*w**2 + 28*w - 6. What is o(-14)?
-6
Let d(q) = -14*q + 67. What is d(6)?
-17
Let p(q) = q**3 + 5*q**2 - 7*q + 1. Determine p(-6).
7
Let j(g) = g**3 + 31*g**2 - 31*g + 26. Give j(-32).
-6
Let m(r) = -r**2 - 5*r - 2. Determine m(-4).
2
Let s(x) = -20*x**3 + 1. Calculate s(1).
-19
Let w(c) = -c - 47. Calculate w(-14).
-33
Let w(h) = h**2 + h + 12. Determine w(4).
32
Let t(u) = 2*u - 31. What is t(24)?
17
Let c(b) = b**3 - 3*b**2 - 4*b - 1. Determine c(3).
-13
Let q(n) = n + 37. Determine q(-21).
16
Let v(c) = 9*c**2 + 57*c - 50. What is v(-7)?
-8
Let f(y) = -2*y + 10. What is f(-9)?
28
Let d(q) = -5*q + 159. Calculate d(33).
-6
Let d(x) = -x**2 - 14*x - 57. Determine d(-9).
-12
Let k(j) = 19*j - 3. Determine k(3).
54
Let m(p) = -25*p + 7. What is m(-1)?
32
Let b(l) = -5*l - 101. Give b(-14).
-31
Let n(b) = b**3 + b**2 + 4*b + 24. What is n(-3)?
-6
Let r(w) = w - 4. Give r(8).
4
Let z(u) = -4*u + 69. Determine z(21).
-15
Let b(z) = z**3 - 11*z**2 + 3. Calculate b(11).
3
Let b(v) = v**2 + 16*v + 9. Calculate b(-15).
-6
Let j(i) = -19*i**2 + 6*i - 5. Determine j(1).
-18
Let q(k) = k**2 - 10*k + 3. Determine q(7).
-18
Let a(w) = -w**3 + 21*w**2 - 39*w + 19. Calculate a(19).
0
Let n(a) = a**2 + 12*a - 5. What is n(-15)?
40
Let b(i) = -13*i + 210. Give b(16).
2
Let j(c) = -3*c**3 + 4*c**2 - 5*c. What is j(2)?
-18
Let o(k) = -k**2 + 19*k - 29. What is o(21)?
-71
Let f(d) = d - 1. Determine f(-6).
-7
Let n(a) = a**2 - 5*a - 7. Calculate n(5).
-7
Let s(w) = 83*w + 328. Calculate s(-4).
-4
Let t(p) = p**2 - 7*p - 7. Give t(-4).
37
Let r(h) = 3*h - 25. Give r(8).
-1
Let y(r) = -3*r**2 - 6*r - 4. Give y(-6).
-76
Let u(y) = y + 1. Give u(-8).
-7
Let n(w) = -13*w - 334. What is n(-25)?
-9
Let x(h) = 2*h + 3. Give x(7).
17
Let p(y) = -31*y**3 - 2*y - 1. Give p(-1).
32
Let c(w) = w**2 + 2*w - 2. Determine c(-5).
13
Let u(o) = -4*o**2 + 22*o + 8. Calculate u(7).
-34
Let d(s) = 24*s - 1. What is d(2)?
47
Let r(a) = 3*a**3 + a**2 - 3*a - 5. What is r(-2)?
-19
Let u(b) = b**3 - 48*b**2 - 100*b - 6. What is u(50)?
-6
Let p(t) = -t**3 + 7*t**2 - 5*t + 2. Calculate p(7).
-33
Let y(r) = -14*r**2 + 4*r - 2. Calculate y(2).
-50
Let i(l) = l**3 + 20*l**2 + 2*l + 62. Determine i(-20).
22
Let l(d) = 3*d**2 + 3*d - 2. Give l(-2).
4
Let d(q) = -70*q + 210. Give d(3).
0
Let o(h) = h**3 - 18*h**2 - 4*h + 52. Determine o(18).
-20
Let x(r) = -r**2 - 12*r - 18. Calculate x(-11).
-7
Let a(t) = t**3 - 11*t + 8. Determine a(-4).
-12
Let k(c) = -c**3 + 9*c**2 - 8*c. What is k(8)?
0
Let j(s) = 16*s - 1. Give j(2).
31
Let p(u) = -3*u**2 + u - 1. Give p(-3).
-31
Let v(r) = -3*r - 41. What is v(-14)?
1
Let p(a) = -8*a**3 - a**2 - a + 1. Give p(1).
-9
Let g(n) = -5*n + 43. Calculate g(11).
-12
Let s(v) = -v**3 + 14*v**2 - 24*v + 25. Give s(12).
25
Let i(m) = -m**3 + 22*m**2 + 22*m + 17. Give i(23).
-6
Let u(k) = k**2 - 8*k + 30. Calculate u(12).
78
Let x(j) = j**3 + 12*j**2 - 27*j + 7. Calculate x(-14).
-7
Let l(g) = 33*g**2 - g - 1. Give l(-1).
33
Let r(v) = v**3 - 7*v**2 + 6*v + 6. Calculate r(6).
6
Let c(t) = -t + 22. Calculate c(17).
5
Let y(g) = -g**2 + 8*g - 16. Give y(7).
-9
Let l(f) = -f**3 - 11*f**2 + 15*f - 13. What is l(-12)?
-49
Let o(b) = -b**3 - 8*b**2 + 6*b + 2. Give o(-9).
29
Let w(f) = f**3 + 17*f**2 - 19*f - 11. What is w(-18)?
7
Let j(v) = -v**3 - 4*v**2 - 4. Calculate j(-5).
21
Let t(f) = 3*f - 8. Determine t(5).
7
Let u(w) = -2*w - 22. What is u(5)?
-32
Let o(x) = 96*x + 676. Calculate o(-7).
4
Let p(l) = 9*l + 36. What is p(3)?
63
Let t(d) = 2*d**3 + 17*d**2 + 2*d + 7. Give t(-9).
-92
Let a(z) = -z**2 + 34*z - 49. Give a(32).
15
Let l(q) = -6*q. Calculate l(-5).
30
Let h(p) = -2*p**3 - 6*p**2 - 3*p - 4. Calculate h(-4).